 w be j(-1). Let x(g) = 34*g**w + 6 - 3 - 2. What is the tens digit of x(-1)?
3
Suppose 4*g - 8*g - 4 = 0. Let d be ((-6)/10)/(-2 + (-11)/(-5)). What is the tens digit of d + g + (121 - -18)?
3
Let p(u) be the third derivative of u**7/252 - u**6/120 - u**5/2 + 30*u**2. Let w(o) be the third derivative of p(o). What is the units digit of w(3)?
4
Suppose 259*l + 1838297 + 93787 = 301*l. What is the thousands digit of l?
6
Let c = 11 + -11. Let n be c*(-3)/(-9) - 2*-2. Suppose -432 = -3*z + 2*m, -104 = 3*z - n*m - 536. What is the units digit of z?
4
Let f = -8592 + 19378. What is the ten thousands digit of f?
1
Suppose 0 = -19*t + 16*t + 45. Let w(q) = q**3 - 14*q**2 - 13*q - 22. What is the units digit of w(t)?
8
Let z be ((-35)/105 - (-4)/6)*8094. Suppose 0 = 3*l - 2*o - z + 618, 5*l + o = 3445. What is the hundreds digit of l?
6
Suppose 0 = 5*j + 2681 + 319. Let k = j - -1781. What is the hundreds digit of k?
1
Let h be (-20)/15*12/(-8). Let o be h/(-4)*677 + 7/(-14). Let q = -234 - o. What is the tens digit of q?
0
Let r be (-1 - -4) + 41 + (1 - 2). Let x = r - 57. Let b = x - -54. What is the units digit of b?
0
Suppose -5*u + 2 = -23. Suppose 0 = 5*g - 5*p - u, 0 = 4*g + 3*p - 4*p - 7. What is the units digit of (-2 + 6/g)*89?
9
Let d(z) = z - 18. Let b be d(14). Let w(o) = 10*o**2 - 3*o + 5. Let i(u) = -u**2 + u. Let l(t) = i(t) + w(t). What is the units digit of l(b)?
7
Suppose -290092 = -5*j - 4*f, 115984 = 56*j - 54*j - 5*f. What is the thousands digit of j?
8
Let a(p) = -2*p**3 - 115*p**2 + 158*p - 30. What is the hundreds digit of a(-64)?
1
Let l be 2 + 278/6 + (-14)/(-21). Let k be ((-56)/l)/(6/(-21)). Suppose -5*m = 5*g - 160, g + 76 = -2*m + k*m. What is the units digit of m?
6
Suppose 0 = 3*j - 3, 5*j - 6 = 3*l + 8. Let g be l + 39/15 + (-6115)/25. What is the hundreds digit of g/(-2) + -1*(-5)/(-10)?
1
Let w(f) = 4088*f + 2005. What is the units digit of w(3)?
9
Let t(b) = -7*b**3 - 22*b**2 - 83*b - 8. What is the tens digit of t(-5)?
3
Suppose 4*c - 2*g = -790, 5*c + 1159 = 4*g + 167. Let s be (3 - c/(-12))*-3. Let v = 125 - s. What is the units digit of v?
5
Let j be (1/(-2))/(1 + 2050/(-2040)). What is the hundreds digit of ((-78834)/j - (-8)/(-68))/(-1)?
7
Let w = -1109 - -777. Let l = w + 761. Suppose 9*p + 4*k = 4*p + 441, k - l = -5*p. What is the tens digit of p?
8
Suppose -33 = -8*m - 25*m. Let o(w) = 278*w**2 - 8*w + 9. What is the hundreds digit of o(m)?
2
Suppose -216535 = -141*c + 161768 - 46107. What is the tens digit of c?
5
Let p(y) = -y - 1. Let f be p(-12). Suppose f*d + 108 = 1120. What is the tens digit of d?
9
What is the units digit of 188375/20 + -6 + 4/((-16)/3)?
2
Suppose -11*p + 10*p = -96. Let j = p - -100. What is the hundreds digit of j?
1
Suppose -6*y + 42484 = 14872. Suppose -12*g - g = -y. What is the tens digit of g?
5
Let n(t) = t**2 - 363*t + 727*t - 363*t + 2. What is the units digit of n(19)?
2
Let z be 3 + -5 + (-4 - -4 - -4). Let s be 7/49 - z/14. Suppose -4*o + 828 = -s*o. What is the tens digit of o?
0
Let l(g) = -1 - 15*g + g**2 + 7*g - g. Let t(n) = 15*n + 1. Let p be t(1). What is the tens digit of l(p)?
1
Let t = -2810 + 13320. What is the hundreds digit of t?
5
Let s(c) = 10*c - 32. Suppose -2*b + 30 = -3*u, 2*u = -3*b - 2*u + 45. Let o be s(b). Suppose 4*k = 0, -g = g + 2*k - o. What is the tens digit of g?
5
Let y(z) = z**3 - 116*z**2 + 497*z + 162. What is the tens digit of y(113)?
1
Suppose -2*h = -3*z + 94869, h + 126492 = 10*z - 6*z. What is the ten thousands digit of z?
3
Let p(h) = -17 + 4 + 40*h**3 - 2*h + 7*h**3 + 14 + h**2. What is the units digit of p(2)?
7
Let q(s) = 3 + 5 - 745*s + 1 - 5. What is the units digit of q(-1)?
9
What is the thousands digit of ((89760/(-18))/4)/(9/(-27))?
3
Let v(g) = -150*g + 6. Let z(x) = -7*x + 18. Let u be z(3). Let c be v(u). Suppose -3*i = i - c. What is the hundreds digit of i?
1
Suppose 5*t - 7*z = -10*z - 10, 2*t - 7 = z. Let b be ((-2)/((-2)/(-3)))/(-1). Suppose t + 8 = b*i. What is the units digit of i?
3
Suppose 13*s = 5*s - 48. Let g(z) = -7*z + 3. Let u(b) = -6*b + 2. Let i(h) = s*u(h) + 5*g(h). What is the tens digit of i(10)?
1
Suppose -104*t + 94*t - 20 = 0. What is the tens digit of (-15 - -17)/(t/(-580))?
8
Let u be (-8)/60 + (-169210)/(-75). Suppose 0*n = 6*n - u. What is the tens digit of n?
7
What is the thousands digit of 86*-1*(35139/(-34))/53?
1
Let m(c) = 2043*c + 1068. What is the thousands digit of m(2)?
5
Let z(m) = 2*m**2 + 2*m. Let f(i) = i - 1. Let w be f(-1). Let h be z(w). What is the units digit of (-2)/h - (-465)/6?
7
Suppose -15232 - 4352 = -9*z. Let p = -407 + z. What is the thousands digit of p?
1
What is the ten thousands digit of (7 + -13 + 6)*-1 - -17899?
1
Suppose 0 = 2*z + 5*i - 0*i - 343, 0 = -2*z + 5*i + 293. Let g = 224 - z. What is the tens digit of 5551/g + 2/(-5)?
8
What is the hundreds digit of 10591 - (-83 + -17)/(-5)?
5
Let y be 2/3 - (-100)/12. Let q(l) be the second derivative of l**5/20 - 3*l**4/4 + l**3 + 21*l**2/2 + 2*l - 2. What is the tens digit of q(y)?
7
Suppose 10*g = 4*g + 324. Let r = g + -52. What is the tens digit of 46*r*3*1/6?
4
What is the hundreds digit of (6/(-10))/((-48)/348560)?
3
Let v = -16813 - -28590. What is the units digit of v?
7
What is the tens digit of (-8)/52 + 26240364/468?
6
Suppose 15*v = 20*v + 100. Let a = 174 + v. What is the units digit of a?
4
Let o(w) = -6*w**3 + 2*w**2 + w. Suppose a = 79 - 80. Let c be o(a). Suppose 11*b - 820 = c*b. What is the units digit of b?
5
Let v(q) = 2*q**2 - 39*q + 26. Let o be v(19). Suppose 4*r - o*r = -2064. What is the tens digit of r?
8
What is the tens digit of (-22)/1 - -22717 - -15?
1
What is the ten thousands digit of 282648/11 - 606/2222?
2
Let b = -103 - -99. Let m be (114/(-2))/((-78)/(-18) + b). What is the hundreds digit of (-31939)/m + 3/((-54)/(-4))?
1
Suppose -5*z + 49993 = 4*j, -4*z + 40013 = 28*j - 31*j. What is the ten thousands digit of z?
1
Suppose 4703 = -5*x + 13998. Let h = x + -1055. What is the units digit of h?
4
What is the thousands digit of (-135070)/(-13) - (3 - -12)?
0
Let l be -2*(7 - (3 + 0)). Let f(a) = -28*a + 112. What is the units digit of f(l)?
6
Suppose -2*q = 3*s - 65412, -3*s - 520*q + 516*q = -65400. What is the units digit of s?
8
Suppose 188 = -4*h + 2*h. Let a = h - -53. Let t = -10 - a. What is the tens digit of t?
3
Suppose -33*u + p - 80 = -34*u, -3*u + 235 = 2*p. What is the tens digit of 19101/15 + (-10)/u*3?
7
Let z = -1529 + 3335. Suppose -7*l + w = -2*l - 3032, 3*l - 5*w - z = 0. What is the units digit of l?
7
Let r = -128 + 129. What is the units digit of 1088/96*(r - -17)?
4
Let v = -182 - 284. Let f = 32 + -27. What is the tens digit of f/(-20) - v/8?
5
Suppose -75*r - 454450 + 2939680 = 180*r. What is the units digit of r?
6
Let z(c) = -2*c**2 + 32*c - 27. Let t be z(23). Let u = 650 + t. What is the tens digit of u?
0
Suppose -8*p + 4*p = -16. Let j be (p/(-8))/(3/234). What is the tens digit of 4 - (-3 + 4 + j)?
4
Let o = 76 - -33. Suppose 545 = 5*q + 3*u, q + 6*u - o = 2*u. What is the units digit of q?
9
Let u = 4983 + 5471. What is the hundreds digit of u?
4
Suppose 12924 + 18604 = 3*n + 3346. What is the units digit of n?
4
Suppose -b - 3*r = -8706, -16*b + 14*b - 2*r + 17428 = 0. What is the thousands digit of b?
8
What is the units digit of 4525 + (-28)/21 + 9/(27/(-2))?
3
Suppose -23*h - 2*p + p + 709230 = 0, 8 = 4*p. What is the ten thousands digit of h?
3
Suppose -2*y + 2525 = -s, -3784 = -4*y + y - 2*s. What is the thousands digit of y?
1
Let g be -2 - (1 - 14) - 9. Let b(r) = 732*r - 5. What is the thousands digit of b(g)?
1
Let v = 128 - 58. Suppose -24 = 4*i - 8*i. Suppose -i*s = v - 226. What is the units digit of s?
6
Suppose 3*f + 19644 = -2*o + 5*o, 3*o - 19659 = -2*f. What is the tens digit of o?
5
Let z be (5 + 424/(-6))/((-3)/(-9)). Let t = -56 - z. What is the tens digit of t?
4
Let h(w) = -7*w - 13. Let d be h(-11). Suppose -19 = 2*k + 27. Let j = k + d. What is the units digit of j?
1
Let u(k) = 1560*k + 2360. What is the hundreds digit of u(42)?
8
Suppose -i + 2*w = -18380, -4*w = 3*i - 12998 - 42192. What is the units digit of i?
0
Let v = -741 - -757. Suppose 20*x - 2*g = v*x + 1078, -4*x = -3*g - 1079. What is the hundreds digit 